98 composite?
True
Is 6268711 a prime number?
True
Is 32558278 a composite number?
True
Is 5575573 prime?
False
Is 20355743 composite?
True
Is 6898079 prime?
False
Is 480576119 composite?
False
Is 570539111 a prime number?
False
Is 560377 composite?
True
Is 21049627 a prime number?
True
Is 88453 a prime number?
False
Is 533569 prime?
False
Is 2469979 a prime number?
True
Is 5418851 a composite number?
False
Is 89643157 prime?
False
Is 1599203 composite?
False
Is 99181991 a prime number?
True
Is 4193491 a prime number?
False
Is 113083783 a prime number?
False
Is 48567811 a prime number?
False
Is 40754957 a prime number?
True
Is 38404013 composite?
False
Is 500119739 prime?
False
Is 17477237 a composite number?
False
Is 57156793 prime?
False
Is 24290281 a prime number?
True
Is 7593051 composite?
True
Is 4873129 a composite number?
False
Is 288403 composite?
False
Is 6223061 a prime number?
False
Is 408602573 a prime number?
True
Is 3031297 a composite number?
True
Is 607109 a prime number?
True
Is 7666213 composite?
False
Is 461374031 a composite number?
False
Is 1566983 composite?
True
Is 28095443 prime?
False
Is 6840413 a composite number?
False
Is 20999945 prime?
False
Is 154409 a composite number?
False
Is 28886521 prime?
True
Is 226693 a prime number?
False
Is 14805821 a composite number?
True
Is 1744207 a prime number?
False
Is 347189309 composite?
False
Is 286289 prime?
True
Is 216893 a prime number?
False
Is 3826367 composite?
False
Is 1278393 a composite number?
True
Is 3814027 a composite number?
True
Is 1440107 a prime number?
True
Is 50643959 prime?
False
Is 22049873 a composite number?
False
Is 994787349 a prime number?
False
Is 36816341 a composite number?
True
Is 16002913 prime?
False
Is 5055691 composite?
True
Is 18341111 composite?
True
Is 219479419 a prime number?
True
Is 13385549 prime?
False
Is 6810494 prime?
False
Is 1166983 prime?
False
Is 73299049 prime?
True
Is 6804887 prime?
True
Is 34360039 composite?
True
Is 542071139 a prime number?
True
Is 19032397 prime?
False
Is 346020287 prime?
True
Is 2485499 a composite number?
True
Is 4220411 a prime number?
False
Is 59616301 a prime number?
True
Is 2154577 a prime number?
True
Is 31631147 a composite number?
True
Is 18536447 prime?
True
Is 11570953 composite?
False
Is 5013829 a prime number?
True
Is 158347361 a prime number?
False
Is 270097 prime?
True
Is 25392041 a prime number?
True
Is 124158299 prime?
True
Is 4745203 a prime number?
False
Is 107353429 a prime number?
False
Is 7638143 prime?
True
Is 2034001 a prime number?
False
Is 88466759 a composite number?
True
Is 244723643 a prime number?
False
Is 1444801 prime?
True
Is 4235273 prime?
False
Is 658108741 a prime number?
True
Is 1329877223 prime?
True
Is 27616111 a composite number?
False
Is 544459 composite?
True
Is 57851933 prime?
True
Is 483523 a prime number?
True
Is 30317381 prime?
False
Is 2377673 a prime number?
True
Is 545687 a prime number?
False
Is 40816771 prime?
False
Is 112847617 composite?
False
Is 27067303 prime?
False
Is 9597179 a composite number?
False
Is 7304483 prime?
True
Is 2445479 prime?
False
Is 2812789 composite?
True
Is 3061891 a composite number?
True
Is 2339153 a prime number?
False
Is 90975989 composite?
True
Is 826603 a composite number?
False
Is 19855123 a composite number?
False
Is 31462567 composite?
True
Is 970093 a composite number?
True
Is 4549351 composite?
False
Is 13567 prime?
True
Is 452759 a prime number?
True
Is 36774047 a composite number?
False
Is 82719529 a prime number?
False
Is 14964503 a composite number?
False
Is 687187 prime?
False
Is 7166255 a composite number?
True
Is 9829337 prime?
False
Is 1804969 composite?
True
Is 11712041 a composite number?
True
Is 16690669 prime?
False
Is 10154047 a prime number?
True
Is 5658623 a composite number?
False
Is 121093249 a prime number?
True
Is 4533566 composite?
True
Is 15011977 composite?
False
Is 1672433 prime?
False
Is 92382349 composite?
True
Is 734849 a composite number?
False
Is 1089793 a composite number?
False
Is 3063371 a composite number?
False
Is 93297041 prime?
True
Is 36599533 composite?
False
Is 1006423 a composite number?
True
Is 3963803 a composite number?
False
Is 3096959 a prime number?
True
Is 2739531 composite?
True
Is 7627691 composite?
False
Is 3452469 composite?
True
Is 8593437 composite?
True
Is 52795 a prime number?
False
Is 62299613 composite?
True
Is 4563863 a prime number?
True
Is 26691053 a prime number?
False
Is 115047269 composite?
True
Is 7939627 prime?
False
Is 23390209 a composite number?
True
Is 11944151 prime?
False
Is 1529760563 a composite number?
False
Is 41414291 prime?
False
Is 11027207 composite?
False
Is 2398859 a composite number?
True
Is 4729817 a prime number?
False
Is 122588273 prime?
True
Is 5023498 composite?
True
Is 17277242 a prime number?
False
Is 4210729 prime?
False
Is 43670899 a composite number?
False
Is 754917737 prime?
False
Is 2021167 a composite number?
False
Is 4419559 a prime number?
True
Is 515725495 a composite number?
True
Is 1924561 a prime number?
True
Is 7747639 a prime number?
False
Is 40685133 a composite number?
True
Is 144856315 a composite number?
True
Is 2609 composite?
False
Is 12735841 a composite number?
False
Is 7100521 prime?
True
Is 2263307 a composite number?
False
Is 1278971 prime?
False
Is 2930842 composite?
True
Is 892733 a composite number?
False
Is 1684477 prime?
True
Is 34780619 a prime number?
False
Is 9709253 a prime number?
True
Is 165518251 prime?
True
Is 177491947 a prime number?
True
Is 112615931 a composite number?
True
Is 6689751 prime?
False
Is 29231119 a prime number?
True
Is 18053509 a prime number?
True
Is 724091 composite?
True
Is 5060149 a prime number?
True
Is 37243291 a prime number?
True
Is 11289077 composite?
False
Is 7827193 composite?
True
Is 167995123 prime?
True
Is 481721 prime?
True
Is 1673489 composite?
False
Is 11234057 prime?
False
Is 1262203 prime?
True
Is 2451766 prime?
False
Is 40620589 a composite number?
False
Is 3762587 a prime number?
True
Is 39568951 a composite number?
False
Is 133362907 composite?
True
Is 2673019 prime?
True
Is 58441231 prime?
False
Is 19454299 composite?
True
Is 18797819 composite?
True
Is 213469973 prime?
False
Is 55473871 a composite number?
False
Is 4945855 a prime number?
False
Is 17713019 a prime number?
True
Is 2040518699 prime?
False
Is 208151 prime?
False
Is 900627415 a composite number?
True
Is 140481029 composite?
True
Is 2256623 prime?
True
Is 103925659 a prime number?
True
Is 438596419 composite?
False
Is 37667953 a composite number?
True
Is 7160081 prime?
True
Is 4212763 a composite number?
False
Is 199687109 prime?
True
Is 82400197 a composite number?
True
Is 2746613 prime?
False
Is 1702631 prime?
False
Is 8962781 composite?
False
Is 13585889 prime?
True
Is 5710333 a composite number?
False
Is 19602617 a prime number?
False
Is 24131849 prime?
False
Is 4751657 composite?
False
Is 4006517 a prime number?
True
Is 101886231 a composite number?
True
Is 23431211 prime?
True
Is 20264579 prime?
False
Is 10878289 composite?
False
Is 2753413 composite?
True
Is 45884869 a composite number?
True
Is 139180534 a prime number?
False
Is 229546 prime?
False
Is 1480597 a composite number?
False
Is 7824769 composite?
True
Is 3157537 composite?
False
Is 407180327 composite?
False
Is 222632849 a composite number?
True
Is 325861 a composite number?
False
Is 259793 a composite number?
True
Is 52183111 a prime number?
False
Is 3294763 prime?
True
Is 62417573 prime?
True
Is 56393717 prime?
True
Is 33282761 prime?
True
Is 195597611 a prime number?
False
Is 38606467 composite?
False
Is 40686367 a composite number?
False
Is 159857966 prime?
False
Is 23234279 a prime number?
True
Is 2186029 a composite number?
False
Is 6539699 a composite number?
True
Is 17775943 a prime number?
True
Is 3012683 a prime number?
True
Is 86414729 a prime number?
False
Is 1181017 a prime number?
True
Is 50446411 a composite number?
False
Is 18583989 a composite number?
True
Is 7382387 a prime number?
True
Is 2361001 a prime number?
False
Is 760714699 a composite number?
True
Is 3385117 composite?
True
Is 183568831 a composite number?
False
Is 6709007 prime?
False
Is 131882999 a prime number?
True
Is 999763 a composite number?